{"id":54529,"date":"2025-07-08T13:21:24","date_gmt":"2025-07-08T11:21:24","guid":{"rendered":"https:\/\/mirabellacamping.hu\/events\/termeloi-piac-zamardi-2025\/"},"modified":"2025-09-01T15:37:27","modified_gmt":"2025-09-01T13:37:27","slug":"termeloi-piac-zamardi-2025","status":"publish","type":"ajde_events","link":"https:\/\/mirabellacamping.hu\/de\/events\/termeloi-piac-zamardi-2025\/","title":{"rendered":"Erzeugermarkt Zam\u00e1rdi 2025"},"content":{"rendered":"<p>Ein echter Bauernmarkt in Zam\u00e1rdi, im Hof des Patk\u00f3 Buffe, vom Fr\u00fchling bis Ende September, jeden Sonntag von 8:00 bis 12:00 Uhr. Nur Somogy-Bauern\/Kleinerzeuger, echte lokale Aromen, keine Wiederverk\u00e4ufer, keine H\u00e4ndler. W\u00e4hrend des Marktes ist das Buffet mit speziellen Fr\u00fchst\u00fccksangeboten, L\u00e1ngos und Strudel ge\u00f6ffnet.<\/p>\n<p>Foto: programturizmus.hu<\/p>\n","protected":false},"author":18,"featured_media":54527,"menu_order":0,"template":"","meta":{"_acf_changed":false,"_et_pb_use_builder":"","_et_pb_old_content":"","_et_gb_content_width":""},"tags":[],"event_type":[138],"event_type_2":[],"class_list":["post-54529","ajde_events","type-ajde_events","status-publish","has-post-thumbnail","hentry","event_location-tancsics-u-7-de","event_organizer-zamardi-onkormanyzat-de","event_type-programme-zamardi-es-balaton"],"acf":[],"_links":{"self":[{"href":"https:\/\/mirabellacamping.hu\/de\/wp-json\/wp\/v2\/ajde_events\/54529","targetHints":{"allow":["GET"]}}],"collection":[{"href":"https:\/\/mirabellacamping.hu\/de\/wp-json\/wp\/v2\/ajde_events"}],"about":[{"href":"https:\/\/mirabellacamping.hu\/de\/wp-json\/wp\/v2\/types\/ajde_events"}],"author":[{"embeddable":true,"href":"https:\/\/mirabellacamping.hu\/de\/wp-json\/wp\/v2\/users\/18"}],"wp:featuredmedia":[{"embeddable":true,"href":"https:\/\/mirabellacamping.hu\/de\/wp-json\/wp\/v2\/media\/54527"}],"wp:attachment":[{"href":"https:\/\/mirabellacamping.hu\/de\/wp-json\/wp\/v2\/media?parent=54529"}],"wp:term":[{"taxonomy":"post_tag","embeddable":true,"href":"https:\/\/mirabellacamping.hu\/de\/wp-json\/wp\/v2\/tags?post=54529"},{"taxonomy":"event_type","embeddable":true,"href":"https:\/\/mirabellacamping.hu\/de\/wp-json\/wp\/v2\/event_type?post=54529"},{"taxonomy":"event_type_2","embeddable":true,"href":"https:\/\/mirabellacamping.hu\/de\/wp-json\/wp\/v2\/event_type_2?post=54529"}],"curies":[{"name":"wp","href":"https:\/\/api.w.org\/{rel}","templated":true}]}}

Erzeugermarkt Zamárdi 2025

<p>Ein echter Bauernmarkt in Zamárdi, im Hof des Patkó Buffe, vom Frühling bis Ende September, jeden Sonntag von 8:00 bis 12:00 Uhr. Nur Somogy-Bauern/Kleinerzeuger, echte lokale Aromen, keine Wiederverkäufer, keine Händler. Während des Marktes ist das Buffet mit speziellen Frühstücksangeboten, Lángos und Strudel geöffnet.</p>
<p>Foto: programturizmus.hu</p>
